{"id":11489,"date":"2019-05-31T08:20:10","date_gmt":"2019-05-31T08:20:10","guid":{"rendered":"https:\/\/www.studiaineuropa.it\/?page_id=11489"},"modified":"2023-03-19T17:55:00","modified_gmt":"2023-03-19T17:55:00","slug":"panoramica","status":"publish","type":"page","link":"https:\/\/www.studiaineuropa.it\/?page_id=11489","title":{"rendered":"Panoramica"},"content":{"rendered":"\t\t<div data-elementor-type=\"wp-post\" data-elementor-id=\"11489\" class=\"elementor elementor-11489\">\n\t\t\t\t\t\t<section class=\"elementor-section elementor-top-section elementor-element elementor-element-9646d37 elementor-section-boxed elementor-section-height-default elementor-section-height-default\" data-id=\"9646d37\" data-element_type=\"section\">\n\t\t\t\t\t\t<div class=\"elementor-container elementor-column-gap-default\">\n\t\t\t\t\t<div class=\"elementor-column elementor-col-100 elementor-top-column elementor-element elementor-element-e88ea1c\" data-id=\"e88ea1c\" data-element_type=\"column\">\n\t\t\t<div class=\"elementor-widget-wrap elementor-element-populated\">\n\t\t\t\t\t\t<div class=\"elementor-element elementor-element-b704919 elementor-widget elementor-widget-text-editor\" data-id=\"b704919\" data-element_type=\"widget\" data-widget_type=\"text-editor.default\">\n\t\t\t\t<div class=\"elementor-widget-container\">\n\t\t\t\t\t\t\t<p>La velocit\u00e0 del cambiamento aggiunge oggi un livello di incertezza e opportunit\u00e0 allo stesso tempo.<\/p><p>Il mondo di oggi \u00e8 diventato un villaggio in cui i giovani studenti devono confrontarsi con la necessit\u00e0 di fare scelte di carriera per le quali non si sentono preparati, soprattutto considerando che la maggior parte dei sistemi educativi \u00e8 in gran parte non correlata al mondo del lavoro.<\/p><p>La nostra societ\u00e0 offre agli studenti un&#8217;esperienza pi\u00f9 solidale, l&#8217;approccio a diverse discipline e l&#8217;opportunit\u00e0 di sviluppare la propria capacit\u00e0 di adattarsi a un mondo in continua evoluzione. Durante i loro studi presso le maggiori universit\u00e0, gli studenti possono scoprire una vasta gamma di canali educativi. La certezza di essere sostenuti lungo i percorsi educativi ed un ampio spettro di opzioni accademiche sono altre componenti forti dell&#8217;esperienza globale offerta dal nostro gruppo.<\/p><p>Attraverso le nostre Universit\u00e0, i laureati sono tra i pi\u00f9 qualificati professionisti del settore. Gli\u00a0 studenti che si affidano a noi acquisiscono una significativa esperienza pratica nei loro campi di studio molto prima di laurearsi, grazie a programmi di tirocinio che consentono loro di acquisire esperienza professionale nei settori di scelta. Una forte rete che ne supporta anche l&#8217;inserimento lavorativo.<\/p>\t\t\t\t\t\t<\/div>\n\t\t\t\t<\/div>\n\t\t\t\t\t<\/div>\n\t\t<\/div>\n\t\t\t\t\t<\/div>\n\t\t<\/section>\n\t\t\t\t<\/div>\n\t\t","protected":false},"excerpt":{"rendered":"<p>La velocit\u00e0 del cambiamento aggiunge oggi un livello di incertezza e opportunit\u00e0 allo stesso tempo. Il mondo di oggi \u00e8 diventato un villaggio in cui i giovani studenti devono confrontarsi con la necessit\u00e0 di fare scelte di carriera per le quali non si sentono preparati, soprattutto considerando che la maggior parte dei sistemi educativi \u00e8 [&hellip;]<\/p>\n","protected":false},"author":1,"featured_media":0,"parent":0,"menu_order":0,"comment_status":"closed","ping_status":"closed","template":"","meta":{"_acf_changed":false,"footnotes":""},"class_list":["post-11489","page","type-page","status-publish","hentry"],"acf":[],"_links":{"self":[{"href":"https:\/\/www.studiaineuropa.it\/index.php?rest_route=\/wp\/v2\/pages\/11489","targetHints":{"allow":["GET"]}}],"collection":[{"href":"https:\/\/www.studiaineuropa.it\/index.php?rest_route=\/wp\/v2\/pages"}],"about":[{"href":"https:\/\/www.studiaineuropa.it\/index.php?rest_route=\/wp\/v2\/types\/page"}],"author":[{"embeddable":true,"href":"https:\/\/www.studiaineuropa.it\/index.php?rest_route=\/wp\/v2\/users\/1"}],"replies":[{"embeddable":true,"href":"https:\/\/www.studiaineuropa.it\/index.php?rest_route=%2Fwp%2Fv2%2Fcomments&post=11489"}],"version-history":[{"count":12,"href":"https:\/\/www.studiaineuropa.it\/index.php?rest_route=\/wp\/v2\/pages\/11489\/revisions"}],"predecessor-version":[{"id":13026,"href":"https:\/\/www.studiaineuropa.it\/index.php?rest_route=\/wp\/v2\/pages\/11489\/revisions\/13026"}],"wp:attachment":[{"href":"https:\/\/www.studiaineuropa.it\/index.php?rest_route=%2Fwp%2Fv2%2Fmedia&parent=11489"}],"curies":[{"name":"wp","href":"https:\/\/api.w.org\/{rel}","templated":true}]}}